rs of a?
2, 7, 31
Let o(r) = 146*r + 1047. What are the prime factors of o(-7)?
5
Let k(s) = -88*s + 167. Let r(o) = 89*o - 168. Let a(q) = 3*k(q) + 4*r(q). What are the prime factors of a(6)?
3, 127
Suppose 0 = 26*y - 19*y + 5*a - 95495 - 118915, 0 = -2*a. What are the prime factors of y?
2, 3, 5, 1021
Suppose -5*v + 37 = -0*h - 4*h, -5*h - 10 = v. Suppose 0*z = 4*x - 3*z + 75, 0 = -v*x - z - 89. Let c = 57 - x. List the prime factors of c.
3, 5
Suppose 18*t = 165918 + 135096. List the prime factors of t.
7, 2389
Let n(o) = o**2 + 3*o + 3. Let s be n(3). Let l(f) = 13*f - 45. Let q be l(3). Let i = q + s. List the prime factors of i.
3, 5
Let t be 5 + -2 + 1095 + (-1)/1. Suppose d = t + 297. What are the prime factors of d?
2, 17, 41
Suppose 55*m - 143*m + 2780345 = -339783. List the prime factors of m.
2, 277
Suppose 208*b - 40*b - 1737364 = 44*b. List the prime factors of b.
14011
Suppose 19*l - 7065 - 27401 = 0. Suppose 3*g - w = 4*w + 1081, l = 5*g + 4*w. List the prime factors of g.
2, 181
Suppose -3*d = 4*d. Suppose -5*s + d*s = 55. Let o(j) = j**3 + 11*j**2 - 13*j + 6. What are the prime factors of o(s)?
149
Let t = -2501 - -842. Let u = -681 - t. List the prime factors of u.
2, 3, 163
Let h be 5 + (8/(-4) - -3) + 1. Suppose 70 = -5*y + h*y. Suppose -5*l + 465 = -y. What are the prime factors of l?
2, 5
Let w = 2754 - -2100. What are the prime factors of w?
2, 3, 809
Let f = 47842 - 28730. List the prime factors of f.
2, 2389
Suppose z - 8165 = 4*x, -4185*x + 4187*x + 24545 = 3*z. List the prime factors of z.
5, 1637
Suppose -7*d = 5*l - 36897, 0 = 12*l - 15*l - d + 22135. List the prime factors of l.
2, 7, 17, 31
Let d = -248 + 893. What are the prime factors of d?
3, 5, 43
Suppose -12504 = 9*d - 58673 - 63775. List the prime factors of d.
2, 3, 509
Let s = -11 - -16. Let u be 3*1 + -43 + 92. Suppose -s*x + u = -x. What are the prime factors of x?
13
Let a(m) = m**2 - 11*m - 23. Let g be a(13). Suppose -2*o - 18 = -2*c, 0 = 2*o - g*c - 0 + 21. List the prime factors of (2 - 4) + 135 - (o + 7).
2, 3, 11
Let n be ((-7)/2)/((-4)/8). Let u(k) = 14 + 10*k - 31*k + n*k + 11*k. What are the prime factors of u(-11)?
47
Suppose 6*c = 2*c - 80. Let m be ((-16)/c)/(-1 - (-6)/5). Suppose -114 + m = -5*n. List the prime factors of n.
2, 11
Let s(j) = 155*j - 5. Let x(g) = -776*g + 22. Let u(h) = 11*s(h) + 2*x(h). What are the prime factors of u(8)?
1213
Suppose -2445*x + 2439*x + 76188 = 0. Suppose -42363 = -17*n - x. List the prime factors of n.
5, 349
Let i(l) = 95*l**2 + 24*l - 214. What are the prime factors of i(7)?
11, 419
Suppose -2*d + 386 - 382 = 0. What are the prime factors of 8574/12 + 1/d?
5, 11, 13
Suppose 4*i + 2*p = -3*p - 1705, 2*i + 815 = 5*p. Let y = 898 + i. Suppose 128 = 2*w - w - 3*m, 5*m - y = -4*w. List the prime factors of w.
2, 61
Let t = 1102 + -12. Suppose 0 = -13*l + 7360 + t. List the prime factors of l.
2, 5, 13
Let b(k) = -7368*k**3 - 14*k**2 - 16*k + 1. List the prime factors of b(-1).
3, 7, 13
Suppose -15 = 3*f - 5*w, 0*w + 12 = 4*w. Suppose 0 = -f*y + 2*y - 246. Suppose 4*o = 309 + y. What are the prime factors of o?
2, 3
Suppose 0 = 5*w - 14 + 4. Let i(z) = -78 - 2*z**w + 75 + z**3 - z**2. What are the prime factors of i(5)?
47
Let m(v) = -2*v**3 - 30*v**2 - 23*v + 4. What are the prime factors of m(-18)?
2, 1181
Suppose -9*n = -26*n - 20930 + 93078. What are the prime factors of n?
2, 1061
Let j = 32513 + -22029. What are the prime factors of j?
2, 2621
Let v be 29/9 + 34/(-153). Suppose 2*u + 5*b = 564, -v*u + 1180 = u - 3*b. What are the prime factors of u?
2, 73
Suppose 2*t - 4*s - 9642 + 2092 = 0, 2*t - 7556 = -2*s. Suppose 6*u = 1083 + t. List the prime factors of u.
2, 3, 5
Suppose 0 = 3*w - 2*a - 62757, -47*a + 50*a = -2*w + 41812. List the prime factors of w.
5, 47, 89
Suppose 0 = -4*w + 10*w - 72. Suppose -7*p = -w*p - 20. List the prime factors of (p - -11)*30/35.
2, 3
Suppose -229*z - 8704176 + 21850837 = 0. List the prime factors of z.
11, 17, 307
Suppose -53 = 2*l - 3*l. Let x be 116/20 - -1*(-1)/(-5). Suppose o - x = l. List the prime factors of o.
59
Let n(f) = f + 11. Let q be n(0). Let s(k) = k**2 - q + 29 - 11 - 8*k. What are the prime factors of s(17)?
2, 5
Suppose 5*u = -4*b + 120, -11*u + 12*u - 4*b = 0. Suppose d - 3297 = -u*d. What are the prime factors of d?
157
Suppose -4301 = -9*l + 7075. What are the prime factors of (-1)/(-5) - (l/(-5) - -2)?
251
Let i be (-3)/(0 - (-3)/(-152)). Let d be (-68)/2 + (-1)/3*-15. Let v = i + d. What are the prime factors of v?
3, 41
Suppose -2365 = -26*i + 21*i. Let m = -285 + i. List the prime factors of m.
2, 47
Let y(a) = -2*a - 1. Let u be y(-3). Suppose u*z + 2*z = 322. Suppose -2*o + 4*r = -z, o = -5*r + 3*r + 43. List the prime factors of o.
3, 11
Let o be (-16)/(-28) + 1392/(-84). List the prime factors of (-2716)/(-5)*(-40)/o - -6.
2, 11, 31
What are the prime factors of ((-2)/5)/(5*2/(-9575))?
383
Suppose 2*x = -6, 4*x - 278 = -w + 10856. List the prime factors of w.
2, 5573
Let v be (-8)/(-36) + -74*(-2)/(-18). What are the prime factors of (-5)/((-50)/v)*(-29640)/48?
2, 13, 19
Let p(w) = 3524*w - 230. List the prime factors of p(5).
2, 5, 37, 47
Let s = 17949 + -12708. List the prime factors of s.
3, 1747
Let g = -68 + -52. Let b = 145 + g. What are the prime factors of b?
5
Let n = -64 - -72. Suppose 63 - n = w. What are the prime factors of w?
5, 11
Let v = -2342 - -8392. Suppose -25*f = -36*f + v. What are the prime factors of f?
2, 5, 11
Suppose -2*j - 3750 = -27*j. Suppose j*g = 152*g - 1860. What are the prime factors of g?
2, 3, 5, 31
Suppose 4*w = 3*d + 23, 11*d - 13*d = -3*w + 16. Suppose 2654 = 4*r - 5*v, -6*v + 8 = -w*v. List the prime factors of r.
2, 3, 37
Suppose 3*n - 373 = -o, -12 = -3*o - 18. Let g = 7 - -24. Suppose g + n = 3*a. List the prime factors of a.
2, 13
Let i be 1/((-1)/3 + 267/774). Let m = 182 - i. List the prime factors of m.
2, 3
Suppose 15 = -4*n + 5*d, -3*n + d - 2 = 1. Suppose n = 7*l - l - 198. Suppose 31*b + 176 = l*b. List the prime factors of b.
2, 11
Let a(w) = -6*w - 5. Let l be a(-4). Suppose 27*b + 120 = 31*b. Let h = b - l. List the prime factors of h.
11
Let s = 66 - 33. Suppose -4*u = u - q + s, 3*q = 9. What are the prime factors of (-906)/(-22) - u/(-33)?
41
Let i(o) = 344*o + 43. Let k be i(-2). Let u = 875 + k. List the prime factors of u.
2, 5, 23
Suppose -58*u + 56*u = -10. Suppose 0 = -z - w + 5*w - 11, -u*z = 2*w - 55. What are the prime factors of z/(-12) - 3773/(-28)?
2, 67
What are the prime factors of (-114010)/(-12) + 95/(-114)?
2, 5, 19
Let x(q) = -q**3 - 1. Let s be x(1). Let g = -3582 - -3466. What are the prime factors of (s - g) + 4/4?
5, 23
Suppose -105*a - 11413 = -x - 109*a, -5*a = -5*x + 57015. List the prime factors of x.
5, 2281
Let c = 829 + -825. Suppose v + 1393 = 2*k, -3*v = -c*k + v + 2788. List the prime factors of k.
2, 3, 29
Let u = 77 - 69. List the prime factors of (-9 - (-93)/4)*4*u.
2, 3, 19
Suppose -2*w + 1225 + 1654 = -5*o, 4*o = -w + 1420. Suppose 16*h = -328 + w. List the prime factors of h.
3, 23
Suppose 0 = -2*n - 5*i + 23307 + 23760, 0 = -10*n + 5*i + 235365. What are the prime factors of n?
2, 1471
Let v be 525 + -1 - (-16 - -4)/(-3). Suppose -9*h + 14*h + 2*r = v, 4*r = 3*h - 286. What are the prime factors of h?
2, 3, 17
Let v(p) = 19*p**2 + 2*p + 56. Let j be v(-6). Suppose -3*h = -z - 6*h + j, -3660 = -5*z + 5*h. List the prime factors of z.
17, 43
Let a(i) = i + 6. Let l be a(-6). Suppose h + 6*h - 28 = l. Suppose -2*q = -h*m + 166, 0*m = -2*m - q + 81. What are the prime factors of m?
41
Let l(g) = 269*g**3 - 84*g**2 + 593*g - 11. What are the prime factors of l(6)?
23, 2549
Suppose 3*k - 5*j - 52427 + 16827 = 0, 35597 = 3*k - 2*j. List the prime factors of k.
3, 5, 7, 113
Suppose -3*x = -0*x + 3*t - 33327, 4*x - 44464 = 3*t. List the prime factors of x.
11113
Let u = 19 - 16. Let x be (-7)/(((-6)/14)/3). Suppose -u*z = -x - 38. What are the prime factors of z?
29
Suppose -o - 3*g = 0, o - 2*g = g. Suppose 0 = 4*r + 2*q + 63 + 25, -4*q + 8 = o. List the prime factors of ((1 - 1) + r)*(-15)/5.
3, 23
Suppose 8*o = -17*o + 1425. Let q = 90 - o. List the prime factors of q.
3, 11
Let c be 20824/4 + -3 + 8. Suppose -26*n = c - 15689. List the prime